1
Suppose 0 = -3*m - 4*n + 55, 5*n = -2*m - 0*m + 25. What is the units digit of m?
5
Let j(p) = 8*p**2 - 3. What is the tens digit of j(5)?
9
Let u = -68 + 41. Let w = u + 47. Suppose -4*t + 5*f + 65 = 0, 2*t - 2*f - 10 = w. What is the tens digit of t?
1
Let h(t) be the third derivative of -t**5/30 - t**4/8 + t**3/3 + 3*t**2. Let j be h(-3). Let b = j - -10. What is the units digit of b?
3
Suppose 0*v + 2*v = 28. Suppose 0 = 3*z + t - 14, 0 = 2*z - 3*t - t + v. Let k(m) = m**3 - m**2 - 5*m + 2. What is the units digit of k(z)?
5
Suppose -3*h - 8 = -83. Let k = h - 17. What is the units digit of k?
8
Let u be (-4)/14 + (-9035)/(-91). Suppose -5*y - u = -334. What is the tens digit of y?
4
Let l(s) = s**3 + 6*s**2 + 3*s - 6. Suppose 5*u + 35 = 5*h, -3*u + 3*h - 31 = 2*u. What is the units digit of l(u)?
4
Suppose -3*y - 53 = -2*k, -5*k - 104 + 294 = 4*y. Let r = k - 20. What is the units digit of r?
4
Suppose -10 = -6*b + 4*b - 3*v, 4 = v. Let c(g) = 9*g**2 + 2*g + 1. Let n be c(b). Let y = n - 2. What is the units digit of y?
6
Let q(h) = h**2 + 6*h - 14. What is the tens digit of q(6)?
5
Let n = 44 + 30. What is the tens digit of n?
7
Let k = 6 + -3. Suppose 0*i - k*i = -12. Suppose 21 = -f + i*f. What is the units digit of f?
7
Suppose 0 = t + 3, -2*u - 2*t - 25 = 1. Let o = -8 - u. What is the units digit of o?
2
Let x(r) = 2*r**2 + 2*r + 2. Let n be x(-3). Suppose 0*v - 30 = -10*v. Suppose -k - 3*k + 56 = v*g, 0 = k - 5*g - n. What is the units digit of k?
4
Let n(p) = 27*p**2 - p + 1. Let k(q) = -q**3 + 8*q**2 + 10*q - 8. Let a be k(9). Let h be n(a). What is the units digit of h/3 + -1 + -1?
7
Suppose 0 = -5*j, -3*z = -4*z - 5*j + 309. What is the hundreds digit of z?
3
Let x = 18 + -13. Let s be 21/(-5)*(0 + x). Let m = -13 - s. What is the units digit of m?
8
Let i(f) = -f**3 + 4*f**2 + 4*f - 4. Let t be i(4). Suppose -g = 4*a - 9 - 27, 0 = -2*a - 2*g + t. What is the tens digit of a?
1
Let w(h) = 0*h**3 - 4 + 2*h**2 - h**3 + 2*h + 3*h**2 - 2*h**2. What is the units digit of w(3)?
2
Let j = -15 - -35. Suppose 4*l - 3*h + 0*h = 18, 0 = 4*l - 4*h - j. Suppose 0*v + l*v - 30 = 0. What is the tens digit of v?
1
Suppose 5*w + 5*h - 824 = 8*h, 3*w - 477 = -4*h. What is the units digit of w?
3
Let b = -11 - -2. Let t = -6 - b. What is the units digit of t?
3
Let k(j) = -j**2 - 2*j + 2. Let l be k(-3). Let g = 8 - l. What is the units digit of g?
9
Let a = -20 + 31. Suppose 0*q - a = -q. What is the units digit of q?
1
Let s be (-2 + 12)/(6/9). Suppose h = -2*h + s. Suppose -3*k + 10 = -h. What is the units digit of k?
5
Suppose -4*h - 3*n + 229 = -4*n, 4*n + 20 = 0. What is the tens digit of h?
5
Suppose -366 = -3*a - 36. What is the units digit of a/8 + (-8)/(-32)?
4
Let i(y) = -y**3 - 5*y**2 - 3*y + 2. Let t be i(-4). Let f = t + 2. Suppose -5*q = -f*q - 15. What is the units digit of q?
3
Suppose -t = -0*t. Suppose q = 3*q. What is the units digit of 1 + (q - (0 + t))?
1
Let x = 36 + -25. Suppose 0 = 3*w, x = 4*y - 3*w - 49. What is the tens digit of y?
1
Let d = 102 - 68. What is the tens digit of d?
3
Let w = 277 + -198. What is the units digit of w?
9
Let d be 1/(3 - 5/2). Suppose -37 = -4*k - 3*h, 5*k + h = d*k + 29. What is the tens digit of k?
1
What is the units digit of 5/10 + 89/2?
5
Let b be (-2 + 1)*(0 - 5). Suppose 2*z + 3 = b. What is the units digit of z?
1
What is the tens digit of -4 - 1/((-5)/330)?
6
Suppose -6*j + j - 20 = -5*p, -4*j - 6 = p. Suppose p*z - 13 + 6 = -r, 5*z + 2*r - 16 = 0. What is the units digit of (3 + z - 1)*2?
8
What is the tens digit of 3/7 - (-1053)/91?
1
Suppose -4*r + 7 = -5. Let y = 2 - r. Let v = y - -8. What is the units digit of v?
7
Suppose i + 5*x - 202 = 0, 0*i - 404 = -2*i - 4*x. What is the units digit of i?
2
Let b(i) = -i**2 + 7*i - 6. Suppose -5*q = 2*m - 29, q + 9 = -3*m + 4*q. Let c be (-2 + 1)/(m/(-10)). What is the units digit of b(c)?
4
Suppose 61 = -4*l - 5*t, 2*t - 5*t - 15 = 0. What is the tens digit of (-177)/l + (-1)/(-3)?
2
Suppose 4*w + 2*c = 60, -2*c + 6*c = -3*w + 55. Let h = -16 - -24. Let m = w - h. What is the units digit of m?
5
Suppose 0 = s + 4*s - 205. What is the tens digit of s?
4
Let q = 17 - 12. Let c(d) = -d - 3. Let n be c(-6). Suppose q = n*j - 1. What is the units digit of j?
2
Suppose 0*x = 2*x - 294. What is the units digit of x/9 + (-4)/(-6)?
7
Suppose 83 + 939 = 14*h. What is the units digit of h?
3
Suppose -141 = -7*u + 167. What is the tens digit of u?
4
Let f be (-7 - -13)/(1*2). Suppose -f*c = -13 + 1. What is the units digit of c?
4
Let k(i) = 9*i + 4. What is the tens digit of k(4)?
4
Suppose -82 = -5*i + 3*j, 3*i + 2*j + 25 = 78. Let u = 4 - -25. Let h = u - i. What is the units digit of h?
2
Let d be (0 - -1) + (-1)/(-1). Suppose 15 = -3*f, w - 2*f - 32 = 7. Suppose d*r + 5*c = w, 2*c - 34 = 2*r - 6*r. What is the units digit of r?
7
Suppose 2*x - 4*v - 190 = 0, v - 37 = 3*x - 332. What is the tens digit of x?
9
Let q(t) = -t**3 - 6*t**2 + 8*t - 5. Let f be q(-8). Suppose 0 = 2*x + f - 25. Let j = x + 31. What is the units digit of j?
4
Let r(a) = a + 32. Let j be 1 + -1 - (-3 - -3). What is the units digit of r(j)?
2
Let x be -2*2/(-4) - -13. Suppose 3*o + 3*d - 2 = 2*o, 3*o + 4*d = -x. Let b = 23 + o. What is the units digit of b?
3
Let d = 245 + -133. What is the hundreds digit of d?
1
Let i be 9 + -1 - (3 - 0). Suppose -14 = -i*t + 21. What is the units digit of t?
7
Let g be (106 + -3)*1 + -4. Let v = -51 + g. What is the tens digit of v?
4
Let o(a) = a**3 - 7*a**2 + 5*a. Let y be o(6). Let g(n) = -n**2 - 8*n. Let i be g(y). Let b = 18 - i. What is the units digit of b?
6
Let t = -21 - -26. Suppose 2*a + t*o - 86 = 0, -2*a + o - 3*o + 92 = 0. What is the tens digit of a?
4
Let z = -274 - -417. What is the units digit of z?
3
What is the tens digit of 17 - 3/15*5?
1
Let c = 16 - -38. What is the units digit of c?
4
Let k be ((-5)/4)/(7/(-28)). Suppose -k*y = d - 45, 6*y - 2*d = 2*y + 50. Suppose 5*t - q - 23 = 8, -y = -2*t + q. What is the units digit of t?
7
Let p = -8 + 11. Let q be (-4)/(-5) + (-24)/(-20). What is the units digit of (q/p)/(10/135)?
9
Suppose -16 = -3*g - 5*h, g = -3*g + 2*h + 4. Let m(c) = c - 2. Let a(z) = -1. Let u(y) = g*a(y) + m(y). What is the units digit of u(6)?
2
Let n = 464 - 153. What is the units digit of n?
1
Let d be ((-16)/6)/(4/(-6)). Suppose 0 = -q + 2*i - 7, -2*q + d*i - 18 = -i. What is the units digit of q?
1
Let r be (-44)/(-16) - 2/(-8). Suppose -19 = -r*i - 1. Suppose o + 65 = i*o. What is the tens digit of o?
1
Let p(m) be the third derivative of -m**4/24 - 5*m**3/6 + 10*m**2. Let w be (-19)/3 - (-1)/3. What is the units digit of p(w)?
1
Suppose 0 = 4*h - z + 67, -z - 13 = -0*h + h. Let j = 32 + h. What is the units digit of j?
6
Suppose 0 = 7*c - 4*c - 63. Let b = c - 15. What is the units digit of b?
6
Let m(d) = -d**3 - 7*d**2 - 8*d - 10. What is the tens digit of m(-7)?
4
Let l(i) = 9*i - i**3 - 7*i**2 - 2*i**3 - 14 - 44 - 2*i. Let q(r) = r**3 + 2*r**2 - 2*r + 19. Let d(o) = 2*l(o) + 7*q(o). What is the tens digit of d(0)?
1
Suppose -p + 2*p - 13 = 0. Let q = -7 + p. What is the units digit of q?
6
Suppose -3*q = 2*q. What is the units digit of 10 - (2 - q)/2?
9
Let i = 43 + -7. What is the tens digit of i?
3
Let d(j) = 11*j**2 + 10*j + 20. What is the units digit of d(-5)?
5
What is the units digit of (-1)/(-3) - 144/(-54)?
3
Let y(i) = -6 + i - 3*i + 3*i. Let s be y(6). Suppose s = -3*d + 7 + 2. What is the units digit of d?
3
Let r(d) be the third derivative of d**4/24 - 5*d**3/6 + d**2. Let a be r(9). Let f = -3 + a. What is the units digit of f?
1
Let d(o) = -9*o**2 - 14*o + 27. Let v(l) = -4*l**2 - 7*l + 13. Let b(k) = -6*d(k) + 13*v(k). What is the units digit of b(6)?
7
Suppose 2 = -g - 0*g, -o = -5*g - 15. Suppose -9 = o*t - 64. What is the tens digit of t?
1
What is the units digit of (2/4)/((-8)/(-592))?
7
What is the units digit of (-2)/6*(-9)/1?
3
Suppose -5*q = 3*w - 360, 0 = -3*q + 5*q - 3*w - 165. What is the units digit of q?
5
What is the units digit of 160/(-12)*(-3)/2?
0
Let a(s) = 3*s**2 + 3*s + 6. Let i(z) = -2*z**2 - 2*z - 3. Let l(o) = -4*a(o) - 9*i(o). What is the units digit of l(-3)?
9
Let o = 44 - 11. What is the tens digit of o?
3
Suppose 0 = 3*y + 2*y - 25. Sup